{"id":11,"date":"2025-05-13T11:01:33","date_gmt":"2025-05-13T09:01:33","guid":{"rendered":"https:\/\/www.donboscoverviers.be\/?page_id=11"},"modified":"2025-05-13T14:13:55","modified_gmt":"2025-05-13T12:13:55","slug":"contact","status":"publish","type":"page","link":"https:\/\/www.donboscoverviers.be\/?page_id=11","title":{"rendered":"CONTACT"},"content":{"rendered":"\n<div class=\"wp-block-group is-nowrap is-layout-flex wp-container-core-group-is-layout-64989fb1 wp-block-group-is-layout-flex\">\n<div class=\"wp-block-columns is-layout-flex wp-container-core-columns-is-layout-9d6595d7 wp-block-columns-is-layout-flex\">\n<div class=\"wp-block-column is-layout-flow wp-block-column-is-layout-flow\">\n<hr class=\"wp-block-separator has-alpha-channel-opacity\"\/>\n\n\n\n<div class=\"wp-block-columns is-layout-flex wp-container-core-columns-is-layout-9d6595d7 wp-block-columns-is-layout-flex\">\n<div class=\"wp-block-column is-layout-flow wp-block-column-is-layout-flow\" style=\"flex-basis:66.66%\">\n<div class=\"wp-block-group is-vertical is-layout-flex wp-container-core-group-is-layout-8cf370e7 wp-block-group-is-layout-flex\">\n<p><strong>Adresse<\/strong> :<\/p>\n\n\n\n<p><a href=\"https:\/\/maps.google.be\/maps?hl=fr&amp;gl=be&amp;um=1&amp;ie=UTF-8&amp;fb=1&amp;sa=X&amp;ftid=0x47c08be8107a8c67:0x5dec729f376fad07\" data-type=\"link\" data-id=\"https:\/\/maps.google.be\/maps?hl=fr&amp;gl=be&amp;um=1&amp;ie=UTF-8&amp;fb=1&amp;sa=X&amp;ftid=0x47c08be8107a8c67:0x5dec729f376fad07\">Rue des Alli\u00e9s 70, 4800 Verviers<\/a><\/p>\n<\/div>\n<\/div>\n\n\n\n<div class=\"wp-block-column is-layout-flow wp-block-column-is-layout-flow\" style=\"flex-basis:33.33%\"><div class=\"wp-block-image\">\n<figure class=\"aligncenter size-large is-resized\"><img fetchpriority=\"high\" decoding=\"async\" width=\"843\" height=\"1024\" src=\"https:\/\/www.donboscoverviers.be\/wp-content\/uploads\/2025\/05\/4a3cdef7630f03ed803d81818a7e584b-843x1024.png\" alt=\"\" class=\"wp-image-94\" style=\"width:59px;height:auto\" srcset=\"https:\/\/www.donboscoverviers.be\/wp-content\/uploads\/2025\/05\/4a3cdef7630f03ed803d81818a7e584b-843x1024.png 843w, https:\/\/www.donboscoverviers.be\/wp-content\/uploads\/2025\/05\/4a3cdef7630f03ed803d81818a7e584b-247x300.png 247w, https:\/\/www.donboscoverviers.be\/wp-content\/uploads\/2025\/05\/4a3cdef7630f03ed803d81818a7e584b-768x933.png 768w, https:\/\/www.donboscoverviers.be\/wp-content\/uploads\/2025\/05\/4a3cdef7630f03ed803d81818a7e584b.png 860w\" sizes=\"(max-width: 843px) 100vw, 843px\" \/><\/figure>\n<\/div><\/div>\n<\/div>\n\n\n\n<hr class=\"wp-block-separator has-alpha-channel-opacity\"\/>\n\n\n\n<div class=\"wp-block-columns is-layout-flex wp-container-core-columns-is-layout-9d6595d7 wp-block-columns-is-layout-flex\">\n<div class=\"wp-block-column is-layout-flow wp-block-column-is-layout-flow\" style=\"flex-basis:33.33%\"><div class=\"wp-block-image\">\n<figure class=\"aligncenter size-full is-resized\"><img decoding=\"async\" width=\"360\" height=\"360\" src=\"https:\/\/www.donboscoverviers.be\/wp-content\/uploads\/2025\/05\/pngtree-telephone-line-icon-vector-png-image_6695892.png\" alt=\"\" class=\"wp-image-118\" style=\"width:69px;height:auto\" srcset=\"https:\/\/www.donboscoverviers.be\/wp-content\/uploads\/2025\/05\/pngtree-telephone-line-icon-vector-png-image_6695892.png 360w, https:\/\/www.donboscoverviers.be\/wp-content\/uploads\/2025\/05\/pngtree-telephone-line-icon-vector-png-image_6695892-300x300.png 300w, https:\/\/www.donboscoverviers.be\/wp-content\/uploads\/2025\/05\/pngtree-telephone-line-icon-vector-png-image_6695892-150x150.png 150w\" sizes=\"(max-width: 360px) 100vw, 360px\" \/><\/figure>\n<\/div><\/div>\n\n\n\n<div class=\"wp-block-column is-layout-flow wp-block-column-is-layout-flow\" style=\"flex-basis:66.66%\">\n<div class=\"wp-block-group is-vertical is-layout-flex wp-container-core-group-is-layout-76a81b31 wp-block-group-is-layout-flex\">\n<p><strong>T\u00e9l\u00e9phone :<\/strong><\/p>\n\n\n\n<p><a href=\"tel:3287332008\">+32 87 33 20 08<\/a><\/p>\n<\/div>\n<\/div>\n<\/div>\n\n\n\n<hr class=\"wp-block-separator has-alpha-channel-opacity\"\/>\n\n\n\n<div class=\"wp-block-columns is-layout-flex wp-container-core-columns-is-layout-9d6595d7 wp-block-columns-is-layout-flex\">\n<div class=\"wp-block-column is-layout-flow wp-block-column-is-layout-flow\" style=\"flex-basis:66.66%\">\n<p><strong>Email<\/strong> :<br><a href=\"mailto:info@donboscoverviers.be\">info@donboscoverviers.be<\/a><\/p>\n<\/div>\n\n\n\n<div class=\"wp-block-column is-layout-flow wp-block-column-is-layout-flow\" style=\"flex-basis:33.33%\"><div class=\"wp-block-image\">\n<figure class=\"aligncenter size-full is-resized\"><img decoding=\"async\" width=\"512\" height=\"512\" src=\"https:\/\/www.donboscoverviers.be\/wp-content\/uploads\/2025\/05\/74642.png\" alt=\"\" class=\"wp-image-171\" style=\"width:78px;height:auto\" srcset=\"https:\/\/www.donboscoverviers.be\/wp-content\/uploads\/2025\/05\/74642.png 512w, https:\/\/www.donboscoverviers.be\/wp-content\/uploads\/2025\/05\/74642-300x300.png 300w, https:\/\/www.donboscoverviers.be\/wp-content\/uploads\/2025\/05\/74642-150x150.png 150w\" sizes=\"(max-width: 512px) 100vw, 512px\" \/><\/figure>\n<\/div><\/div>\n<\/div>\n\n\n\n<hr class=\"wp-block-separator has-alpha-channel-opacity\"\/>\n\n\n\n<ul class=\"wp-block-social-links is-layout-flex wp-block-social-links-is-layout-flex\"><li class=\"wp-social-link wp-social-link-facebook  wp-block-social-link\"><a href=\"https:\/\/www.facebook.com\/donboscoverviers\/\" class=\"wp-block-social-link-anchor\"><svg width=\"24\" height=\"24\" viewBox=\"0 0 24 24\" version=\"1.1\" xmlns=\"http:\/\/www.w3.org\/2000\/svg\" aria-hidden=\"true\" focusable=\"false\"><path d=\"M12 2C6.5 2 2 6.5 2 12c0 5 3.7 9.1 8.4 9.9v-7H7.9V12h2.5V9.8c0-2.5 1.5-3.9 3.8-3.9 1.1 0 2.2.2 2.2.2v2.5h-1.3c-1.2 0-1.6.8-1.6 1.6V12h2.8l-.4 2.9h-2.3v7C18.3 21.1 22 17 22 12c0-5.5-4.5-10-10-10z\"><\/path><\/svg><span class=\"wp-block-social-link-label screen-reader-text\">Facebook<\/span><\/a><\/li>\n\n<li class=\"wp-social-link wp-social-link-instagram  wp-block-social-link\"><a href=\"https:\/\/www.instagram.com\/donboscoverviers\" class=\"wp-block-social-link-anchor\"><svg width=\"24\" height=\"24\" viewBox=\"0 0 24 24\" version=\"1.1\" xmlns=\"http:\/\/www.w3.org\/2000\/svg\" aria-hidden=\"true\" focusable=\"false\"><path d=\"M12,4.622c2.403,0,2.688,0.009,3.637,0.052c0.877,0.04,1.354,0.187,1.671,0.31c0.42,0.163,0.72,0.358,1.035,0.673 c0.315,0.315,0.51,0.615,0.673,1.035c0.123,0.317,0.27,0.794,0.31,1.671c0.043,0.949,0.052,1.234,0.052,3.637 s-0.009,2.688-0.052,3.637c-0.04,0.877-0.187,1.354-0.31,1.671c-0.163,0.42-0.358,0.72-0.673,1.035 c-0.315,0.315-0.615,0.51-1.035,0.673c-0.317,0.123-0.794,0.27-1.671,0.31c-0.949,0.043-1.233,0.052-3.637,0.052 s-2.688-0.009-3.637-0.052c-0.877-0.04-1.354-0.187-1.671-0.31c-0.42-0.163-0.72-0.358-1.035-0.673 c-0.315-0.315-0.51-0.615-0.673-1.035c-0.123-0.317-0.27-0.794-0.31-1.671C4.631,14.688,4.622,14.403,4.622,12 s0.009-2.688,0.052-3.637c0.04-0.877,0.187-1.354,0.31-1.671c0.163-0.42,0.358-0.72,0.673-1.035 c0.315-0.315,0.615-0.51,1.035-0.673c0.317-0.123,0.794-0.27,1.671-0.31C9.312,4.631,9.597,4.622,12,4.622 M12,3 C9.556,3,9.249,3.01,8.289,3.054C7.331,3.098,6.677,3.25,6.105,3.472C5.513,3.702,5.011,4.01,4.511,4.511 c-0.5,0.5-0.808,1.002-1.038,1.594C3.25,6.677,3.098,7.331,3.054,8.289C3.01,9.249,3,9.556,3,12c0,2.444,0.01,2.751,0.054,3.711 c0.044,0.958,0.196,1.612,0.418,2.185c0.23,0.592,0.538,1.094,1.038,1.594c0.5,0.5,1.002,0.808,1.594,1.038 c0.572,0.222,1.227,0.375,2.185,0.418C9.249,20.99,9.556,21,12,21s2.751-0.01,3.711-0.054c0.958-0.044,1.612-0.196,2.185-0.418 c0.592-0.23,1.094-0.538,1.594-1.038c0.5-0.5,0.808-1.002,1.038-1.594c0.222-0.572,0.375-1.227,0.418-2.185 C20.99,14.751,21,14.444,21,12s-0.01-2.751-0.054-3.711c-0.044-0.958-0.196-1.612-0.418-2.185c-0.23-0.592-0.538-1.094-1.038-1.594 c-0.5-0.5-1.002-0.808-1.594-1.038c-0.572-0.222-1.227-0.375-2.185-0.418C14.751,3.01,14.444,3,12,3L12,3z M12,7.378 c-2.552,0-4.622,2.069-4.622,4.622S9.448,16.622,12,16.622s4.622-2.069,4.622-4.622S14.552,7.378,12,7.378z M12,15 c-1.657,0-3-1.343-3-3s1.343-3,3-3s3,1.343,3,3S13.657,15,12,15z M16.804,6.116c-0.596,0-1.08,0.484-1.08,1.08 s0.484,1.08,1.08,1.08c0.596,0,1.08-0.484,1.08-1.08S17.401,6.116,16.804,6.116z\"><\/path><\/svg><span class=\"wp-block-social-link-label screen-reader-text\">Instagram<\/span><\/a><\/li>\n\n<li class=\"wp-social-link wp-social-link-youtube  wp-block-social-link\"><a href=\"https:\/\/www.youtube.com\/channel\/UCCj_SB_Psb_AzTCYJaMPZrg\" class=\"wp-block-social-link-anchor\"><svg width=\"24\" height=\"24\" viewBox=\"0 0 24 24\" version=\"1.1\" xmlns=\"http:\/\/www.w3.org\/2000\/svg\" aria-hidden=\"true\" focusable=\"false\"><path d=\"M21.8,8.001c0,0-0.195-1.378-0.795-1.985c-0.76-0.797-1.613-0.801-2.004-0.847c-2.799-0.202-6.997-0.202-6.997-0.202 h-0.009c0,0-4.198,0-6.997,0.202C4.608,5.216,3.756,5.22,2.995,6.016C2.395,6.623,2.2,8.001,2.2,8.001S2,9.62,2,11.238v1.517 c0,1.618,0.2,3.237,0.2,3.237s0.195,1.378,0.795,1.985c0.761,0.797,1.76,0.771,2.205,0.855c1.6,0.153,6.8,0.201,6.8,0.201 s4.203-0.006,7.001-0.209c0.391-0.047,1.243-0.051,2.004-0.847c0.6-0.607,0.795-1.985,0.795-1.985s0.2-1.618,0.2-3.237v-1.517 C22,9.62,21.8,8.001,21.8,8.001z M9.935,14.594l-0.001-5.62l5.404,2.82L9.935,14.594z\"><\/path><\/svg><span class=\"wp-block-social-link-label screen-reader-text\">YouTube<\/span><\/a><\/li><\/ul>\n<\/div>\n<\/div>\n\n\n\n<figure class=\"wp-block-image size-full is-resized\"><img loading=\"lazy\" decoding=\"async\" width=\"730\" height=\"1024\" src=\"https:\/\/www.donboscoverviers.be\/wp-content\/uploads\/2025\/05\/TicketGagnant-contrastee-730x1024-2.jpg\" alt=\"\" class=\"wp-image-130\" style=\"width:481px;height:auto\" srcset=\"https:\/\/www.donboscoverviers.be\/wp-content\/uploads\/2025\/05\/TicketGagnant-contrastee-730x1024-2.jpg 730w, https:\/\/www.donboscoverviers.be\/wp-content\/uploads\/2025\/05\/TicketGagnant-contrastee-730x1024-2-214x300.jpg 214w\" sizes=\"(max-width: 730px) 100vw, 730px\" \/><\/figure>\n<\/div>\n\n\n\n<p class=\"has-large-font-size\"><strong>Contacts<\/strong> :<\/p>\n\n\n\n<div class=\"wp-block-columns is-layout-flex wp-container-core-columns-is-layout-9d6595d7 wp-block-columns-is-layout-flex\">\n<div class=\"wp-block-column is-layout-flow wp-block-column-is-layout-flow\">\n<p class=\"has-medium-font-size\"><strong>Service accueil&nbsp;:<\/strong>&nbsp;Carine Elsen.<br>Tel: 087\/332008&nbsp;&nbsp;<br><a href=\"mailto:info@donboscoverviers.be\">info@donboscoverviers.be<\/a><\/p>\n\n\n\n<p class=\"has-medium-font-size\"><strong>Chef atelier travaux :<\/strong>&nbsp;Pascal Wiertz.<br>Tel: 087\/392032&nbsp;&nbsp;<br><a href=\"mailto:cta@donboscoverviers.be\">cta@donboscoverviers.be<\/a><\/p>\n\n\n\n<p class=\"has-medium-font-size\"><strong>Chef atelier Electro-M\u00e9ca. :<\/strong>&nbsp;Damien Monville.<br>Tel: 0496\/230659&nbsp;<br><a href=\"mailto:electromeca@donboscoverviers.be\">electromeca@donboscoverviers.be<\/a><\/p>\n\n\n\n<p class=\"has-medium-font-size\"><strong>Chef atelier Bois-Construct. :<\/strong>&nbsp;Patrick Bergenhuizen.<br>Tel:087\/392036&nbsp;<br><a href=\"mailto:construction@donboscoverviers.be\" target=\"_blank\" rel=\"noreferrer noopener\">construction@donboscoverviers.be<\/a><\/p>\n\n\n\n<p class=\"has-medium-font-size\"><strong>Direction\u00a0:<\/strong>\u00a0Sandrine Spronck.<br>Tel: 087\/392030\u00a0\u00a0<br><a href=\"mailto:directrice@donboscoverviers.be\">directrice@donboscoverviers.be<\/a><\/p>\n<\/div>\n\n\n\n<div class=\"wp-block-column is-layout-flow wp-block-column-is-layout-flow\">\n<p class=\"has-medium-font-size\"><strong>Secr\u00e9tariat de direction&nbsp;:<\/strong>&nbsp;S\u00e9bastien Puelinckx.<br>Tel: 087\/392045&nbsp;<br><a href=\"mailto:secretariat.professeurs@donboscoverviers.be\" target=\"_blank\" rel=\"noreferrer noopener\">secretariat.professeurs@donboscoverviers.be<\/a><\/p>\n\n\n\n<p class=\"has-medium-font-size\"><strong>Secr\u00e9tariat \u00e9l\u00e8ves:<\/strong>&nbsp;Beno\u00eet Cormann.<br>Tel: 087\/392047&nbsp;<br><a href=\"mailto:secretariat.eleves@donboscoverviers.be\" target=\"_blank\" rel=\"noreferrer noopener\">secretariat.eleves@donboscoverviers.be<\/a><\/p>\n\n\n\n<p class=\"has-medium-font-size\"><strong>Econome:<\/strong>&nbsp;Philippe Grifn\u00e9e.<br>Tel: 087\/392039&nbsp;&nbsp;<br><a href=\"mailto:economat@donboscoverviers.be\">economat@donboscoverviers.be<\/a><\/p>\n\n\n\n<p class=\"has-medium-font-size\"><strong>Resp. num\u00e9rique :<\/strong>&nbsp;Thomas Haubrechts.<br>Tel: 087\/332008&nbsp;<br><a href=\"mailto:thomas.haubrechts@donboscoverviers.be\" target=\"_blank\" rel=\"noreferrer noopener\">thomas.haubrechts@donboscoverviers.be<\/a><\/p>\n<\/div>\n<\/div>\n\n\n\n<p class=\"has-text-align-center has-medium-font-size\"><\/p>\n\n\n\n<div class=\"mapouter\"><div class=\"gmap_canvas\"><iframe width=\"820\" height=\"560\" id=\"gmap_canvas\" src=\"https:\/\/maps.google.com\/maps?q=Rue+des+Alli%C3%A9s+70%2C+4800+Verviers&#038;t=&#038;z=13&#038;ie=UTF8&#038;iwloc=&#038;output=embed\" frameborder=\"0\" scrolling=\"no\" marginheight=\"0\" marginwidth=\"0\"><\/iframe><a href=\"https:\/\/online-timer.me\/\"><\/a><br><a href=\"https:\/\/www.alltopplaces.com\"><\/a><br><style>.mapouter{position: relative;text-align: right;height: 560px;width: 820px;}<\/style><a href=\"https:\/\/www.embedmaps.co\">google maps embed iframe<\/a><style>.gmap_canvas{overflow: hidden;background: none !important;height: 560px;width: 820px;}<\/style><\/div><\/div>\n\n\n\n<p><\/p>\n","protected":false},"excerpt":{"rendered":"<p>Adresse : Rue des Alli\u00e9s 70, 4800 Verviers T\u00e9l\u00e9phone : +32 87 33 20 08 Email :info@donboscoverviers.be Contacts : Service accueil&nbsp;:&nbsp;Carine Elsen.Tel: 087\/332008&nbsp;&nbsp;info@donboscoverviers.be Chef atelier travaux :&nbsp;Pascal Wiertz.Tel: 087\/392032&nbsp;&nbsp;cta@donboscoverviers.be Chef atelier Electro-M\u00e9ca. :&nbsp;Damien Monville.Tel: 0496\/230659&nbsp;electromeca@donboscoverviers.be Chef atelier Bois-Construct. :&nbsp;Patrick Bergenhuizen.Tel:087\/392036&nbsp;construction@donboscoverviers.be Direction\u00a0:\u00a0Sandrine Spronck.Tel: 087\/392030\u00a0\u00a0directrice@donboscoverviers.be Secr\u00e9tariat de direction&nbsp;:&nbsp;S\u00e9bastien Puelinckx.Tel: 087\/392045&nbsp;secretariat.professeurs@donboscoverviers.be Secr\u00e9tariat \u00e9l\u00e8ves:&nbsp;Beno\u00eet Cormann.Tel: 087\/392047&nbsp;secretariat.eleves@donboscoverviers.be Econome:&nbsp;Philippe Grifn\u00e9e.Tel: 087\/392039&nbsp;&nbsp;economat@donboscoverviers.be Resp. num\u00e9rique :&nbsp;Thomas Haubrechts.Tel: 087\/332008&nbsp;thomas.haubrechts@donboscoverviers.be google maps embed iframe<\/p>\n","protected":false},"author":1,"featured_media":0,"parent":0,"menu_order":0,"comment_status":"closed","ping_status":"closed","template":"","meta":{"footnotes":""},"class_list":["post-11","page","type-page","status-publish","hentry"],"mb":[],"yoast_head":"<!-- This site is optimized with the Yoast SEO plugin v25.7 - https:\/\/yoast.com\/wordpress\/plugins\/seo\/ -->\n<title>CONTACT - Institut Don Bosco Verviers<\/title>\n<meta name=\"robots\" content=\"index, follow, max-snippet:-1, max-image-preview:large, max-video-preview:-1\" \/>\n<link rel=\"canonical\" href=\"https:\/\/www.donboscoverviers.be\/?page_id=11\" \/>\n<meta property=\"og:locale\" content=\"fr_FR\" \/>\n<meta property=\"og:type\" content=\"article\" \/>\n<meta property=\"og:title\" content=\"CONTACT - Institut Don Bosco Verviers\" \/>\n<meta property=\"og:description\" content=\"Adresse : Rue des Alli\u00e9s 70, 4800 Verviers T\u00e9l\u00e9phone : +32 87 33 20 08 Email :info@donboscoverviers.be Contacts : Service accueil&nbsp;:&nbsp;Carine Elsen.Tel: 087\/332008&nbsp;&nbsp;info@donboscoverviers.be Chef atelier travaux :&nbsp;Pascal Wiertz.Tel: 087\/392032&nbsp;&nbsp;cta@donboscoverviers.be Chef atelier Electro-M\u00e9ca. :&nbsp;Damien Monville.Tel: 0496\/230659&nbsp;electromeca@donboscoverviers.be Chef atelier Bois-Construct. :&nbsp;Patrick Bergenhuizen.Tel:087\/392036&nbsp;construction@donboscoverviers.be Direction\u00a0:\u00a0Sandrine Spronck.Tel: 087\/392030\u00a0\u00a0directrice@donboscoverviers.be Secr\u00e9tariat de direction&nbsp;:&nbsp;S\u00e9bastien Puelinckx.Tel: 087\/392045&nbsp;secretariat.professeurs@donboscoverviers.be Secr\u00e9tariat \u00e9l\u00e8ves:&nbsp;Beno\u00eet Cormann.Tel: 087\/392047&nbsp;secretariat.eleves@donboscoverviers.be Econome:&nbsp;Philippe Grifn\u00e9e.Tel: 087\/392039&nbsp;&nbsp;economat@donboscoverviers.be Resp. num\u00e9rique :&nbsp;Thomas Haubrechts.Tel: 087\/332008&nbsp;thomas.haubrechts@donboscoverviers.be google maps embed iframe\" \/>\n<meta property=\"og:url\" content=\"https:\/\/www.donboscoverviers.be\/?page_id=11\" \/>\n<meta property=\"og:site_name\" content=\"Institut Don Bosco Verviers\" \/>\n<meta property=\"article:publisher\" content=\"https:\/\/www.facebook.com\/donboscoverviers\/\" \/>\n<meta property=\"article:modified_time\" content=\"2025-05-13T12:13:55+00:00\" \/>\n<meta property=\"og:image\" content=\"https:\/\/www.donboscoverviers.be\/wp-content\/uploads\/2025\/05\/4a3cdef7630f03ed803d81818a7e584b.png\" \/>\n\t<meta property=\"og:image:width\" content=\"860\" \/>\n\t<meta property=\"og:image:height\" content=\"1045\" \/>\n\t<meta property=\"og:image:type\" content=\"image\/png\" \/>\n<meta name=\"twitter:card\" content=\"summary_large_image\" \/>\n<meta name=\"twitter:label1\" content=\"Dur\u00e9e de lecture est.\" \/>\n\t<meta name=\"twitter:data1\" content=\"1 minute\" \/>\n<script type=\"application\/ld+json\" class=\"yoast-schema-graph\">{\"@context\":\"https:\/\/schema.org\",\"@graph\":[{\"@type\":\"WebPage\",\"@id\":\"https:\/\/www.donboscoverviers.be\/?page_id=11\",\"url\":\"https:\/\/www.donboscoverviers.be\/?page_id=11\",\"name\":\"CONTACT - Institut Don Bosco Verviers\",\"isPartOf\":{\"@id\":\"https:\/\/www.donboscoverviers.be\/#website\"},\"primaryImageOfPage\":{\"@id\":\"https:\/\/www.donboscoverviers.be\/?page_id=11#primaryimage\"},\"image\":{\"@id\":\"https:\/\/www.donboscoverviers.be\/?page_id=11#primaryimage\"},\"thumbnailUrl\":\"https:\/\/www.donboscoverviers.be\/wp-content\/uploads\/2025\/05\/4a3cdef7630f03ed803d81818a7e584b-843x1024.png\",\"datePublished\":\"2025-05-13T09:01:33+00:00\",\"dateModified\":\"2025-05-13T12:13:55+00:00\",\"breadcrumb\":{\"@id\":\"https:\/\/www.donboscoverviers.be\/?page_id=11#breadcrumb\"},\"inLanguage\":\"fr-BE\",\"potentialAction\":[{\"@type\":\"ReadAction\",\"target\":[\"https:\/\/www.donboscoverviers.be\/?page_id=11\"]}]},{\"@type\":\"ImageObject\",\"inLanguage\":\"fr-BE\",\"@id\":\"https:\/\/www.donboscoverviers.be\/?page_id=11#primaryimage\",\"url\":\"https:\/\/www.donboscoverviers.be\/wp-content\/uploads\/2025\/05\/4a3cdef7630f03ed803d81818a7e584b.png\",\"contentUrl\":\"https:\/\/www.donboscoverviers.be\/wp-content\/uploads\/2025\/05\/4a3cdef7630f03ed803d81818a7e584b.png\",\"width\":860,\"height\":1045},{\"@type\":\"BreadcrumbList\",\"@id\":\"https:\/\/www.donboscoverviers.be\/?page_id=11#breadcrumb\",\"itemListElement\":[{\"@type\":\"ListItem\",\"position\":1,\"name\":\"Accueil\",\"item\":\"https:\/\/www.donboscoverviers.be\/\"},{\"@type\":\"ListItem\",\"position\":2,\"name\":\"CONTACT\"}]},{\"@type\":\"WebSite\",\"@id\":\"https:\/\/www.donboscoverviers.be\/#website\",\"url\":\"https:\/\/www.donboscoverviers.be\/\",\"name\":\"Institut Don Bosco Verviers\",\"description\":\"\",\"publisher\":{\"@id\":\"https:\/\/www.donboscoverviers.be\/#organization\"},\"potentialAction\":[{\"@type\":\"SearchAction\",\"target\":{\"@type\":\"EntryPoint\",\"urlTemplate\":\"https:\/\/www.donboscoverviers.be\/?s={search_term_string}\"},\"query-input\":{\"@type\":\"PropertyValueSpecification\",\"valueRequired\":true,\"valueName\":\"search_term_string\"}}],\"inLanguage\":\"fr-BE\"},{\"@type\":\"Organization\",\"@id\":\"https:\/\/www.donboscoverviers.be\/#organization\",\"name\":\"Institut Don Bosco Verviers\",\"url\":\"https:\/\/www.donboscoverviers.be\/\",\"logo\":{\"@type\":\"ImageObject\",\"inLanguage\":\"fr-BE\",\"@id\":\"https:\/\/www.donboscoverviers.be\/#\/schema\/logo\/image\/\",\"url\":\"https:\/\/www.donboscoverviers.be\/wp-content\/uploads\/2025\/05\/images.png\",\"contentUrl\":\"https:\/\/www.donboscoverviers.be\/wp-content\/uploads\/2025\/05\/images.png\",\"width\":218,\"height\":168,\"caption\":\"Institut Don Bosco Verviers\"},\"image\":{\"@id\":\"https:\/\/www.donboscoverviers.be\/#\/schema\/logo\/image\/\"},\"sameAs\":[\"https:\/\/www.facebook.com\/donboscoverviers\/\",\"https:\/\/www.instagram.com\/donboscoverviers\/\",\"https:\/\/www.youtube.com\/channel\/UCCj_SB_Psb_AzTCYJaMPZrg\"]}]}<\/script>\n<!-- \/ Yoast SEO plugin. -->","yoast_head_json":{"title":"CONTACT - Institut Don Bosco Verviers","robots":{"index":"index","follow":"follow","max-snippet":"max-snippet:-1","max-image-preview":"max-image-preview:large","max-video-preview":"max-video-preview:-1"},"canonical":"https:\/\/www.donboscoverviers.be\/?page_id=11","og_locale":"fr_FR","og_type":"article","og_title":"CONTACT - Institut Don Bosco Verviers","og_description":"Adresse : Rue des Alli\u00e9s 70, 4800 Verviers T\u00e9l\u00e9phone : +32 87 33 20 08 Email :info@donboscoverviers.be Contacts : Service accueil&nbsp;:&nbsp;Carine Elsen.Tel: 087\/332008&nbsp;&nbsp;info@donboscoverviers.be Chef atelier travaux :&nbsp;Pascal Wiertz.Tel: 087\/392032&nbsp;&nbsp;cta@donboscoverviers.be Chef atelier Electro-M\u00e9ca. :&nbsp;Damien Monville.Tel: 0496\/230659&nbsp;electromeca@donboscoverviers.be Chef atelier Bois-Construct. :&nbsp;Patrick Bergenhuizen.Tel:087\/392036&nbsp;construction@donboscoverviers.be Direction\u00a0:\u00a0Sandrine Spronck.Tel: 087\/392030\u00a0\u00a0directrice@donboscoverviers.be Secr\u00e9tariat de direction&nbsp;:&nbsp;S\u00e9bastien Puelinckx.Tel: 087\/392045&nbsp;secretariat.professeurs@donboscoverviers.be Secr\u00e9tariat \u00e9l\u00e8ves:&nbsp;Beno\u00eet Cormann.Tel: 087\/392047&nbsp;secretariat.eleves@donboscoverviers.be Econome:&nbsp;Philippe Grifn\u00e9e.Tel: 087\/392039&nbsp;&nbsp;economat@donboscoverviers.be Resp. num\u00e9rique :&nbsp;Thomas Haubrechts.Tel: 087\/332008&nbsp;thomas.haubrechts@donboscoverviers.be google maps embed iframe","og_url":"https:\/\/www.donboscoverviers.be\/?page_id=11","og_site_name":"Institut Don Bosco Verviers","article_publisher":"https:\/\/www.facebook.com\/donboscoverviers\/","article_modified_time":"2025-05-13T12:13:55+00:00","og_image":[{"width":860,"height":1045,"url":"https:\/\/www.donboscoverviers.be\/wp-content\/uploads\/2025\/05\/4a3cdef7630f03ed803d81818a7e584b.png","type":"image\/png"}],"twitter_card":"summary_large_image","twitter_misc":{"Dur\u00e9e de lecture est.":"1 minute"},"schema":{"@context":"https:\/\/schema.org","@graph":[{"@type":"WebPage","@id":"https:\/\/www.donboscoverviers.be\/?page_id=11","url":"https:\/\/www.donboscoverviers.be\/?page_id=11","name":"CONTACT - Institut Don Bosco Verviers","isPartOf":{"@id":"https:\/\/www.donboscoverviers.be\/#website"},"primaryImageOfPage":{"@id":"https:\/\/www.donboscoverviers.be\/?page_id=11#primaryimage"},"image":{"@id":"https:\/\/www.donboscoverviers.be\/?page_id=11#primaryimage"},"thumbnailUrl":"https:\/\/www.donboscoverviers.be\/wp-content\/uploads\/2025\/05\/4a3cdef7630f03ed803d81818a7e584b-843x1024.png","datePublished":"2025-05-13T09:01:33+00:00","dateModified":"2025-05-13T12:13:55+00:00","breadcrumb":{"@id":"https:\/\/www.donboscoverviers.be\/?page_id=11#breadcrumb"},"inLanguage":"fr-BE","potentialAction":[{"@type":"ReadAction","target":["https:\/\/www.donboscoverviers.be\/?page_id=11"]}]},{"@type":"ImageObject","inLanguage":"fr-BE","@id":"https:\/\/www.donboscoverviers.be\/?page_id=11#primaryimage","url":"https:\/\/www.donboscoverviers.be\/wp-content\/uploads\/2025\/05\/4a3cdef7630f03ed803d81818a7e584b.png","contentUrl":"https:\/\/www.donboscoverviers.be\/wp-content\/uploads\/2025\/05\/4a3cdef7630f03ed803d81818a7e584b.png","width":860,"height":1045},{"@type":"BreadcrumbList","@id":"https:\/\/www.donboscoverviers.be\/?page_id=11#breadcrumb","itemListElement":[{"@type":"ListItem","position":1,"name":"Accueil","item":"https:\/\/www.donboscoverviers.be\/"},{"@type":"ListItem","position":2,"name":"CONTACT"}]},{"@type":"WebSite","@id":"https:\/\/www.donboscoverviers.be\/#website","url":"https:\/\/www.donboscoverviers.be\/","name":"Institut Don Bosco Verviers","description":"","publisher":{"@id":"https:\/\/www.donboscoverviers.be\/#organization"},"potentialAction":[{"@type":"SearchAction","target":{"@type":"EntryPoint","urlTemplate":"https:\/\/www.donboscoverviers.be\/?s={search_term_string}"},"query-input":{"@type":"PropertyValueSpecification","valueRequired":true,"valueName":"search_term_string"}}],"inLanguage":"fr-BE"},{"@type":"Organization","@id":"https:\/\/www.donboscoverviers.be\/#organization","name":"Institut Don Bosco Verviers","url":"https:\/\/www.donboscoverviers.be\/","logo":{"@type":"ImageObject","inLanguage":"fr-BE","@id":"https:\/\/www.donboscoverviers.be\/#\/schema\/logo\/image\/","url":"https:\/\/www.donboscoverviers.be\/wp-content\/uploads\/2025\/05\/images.png","contentUrl":"https:\/\/www.donboscoverviers.be\/wp-content\/uploads\/2025\/05\/images.png","width":218,"height":168,"caption":"Institut Don Bosco Verviers"},"image":{"@id":"https:\/\/www.donboscoverviers.be\/#\/schema\/logo\/image\/"},"sameAs":["https:\/\/www.facebook.com\/donboscoverviers\/","https:\/\/www.instagram.com\/donboscoverviers\/","https:\/\/www.youtube.com\/channel\/UCCj_SB_Psb_AzTCYJaMPZrg"]}]}},"mfb_rest_fields":["title","yoast_head","yoast_head_json","gutenberg_elementor_mode"],"_links":{"self":[{"href":"https:\/\/www.donboscoverviers.be\/index.php?rest_route=\/wp\/v2\/pages\/11","targetHints":{"allow":["GET"]}}],"collection":[{"href":"https:\/\/www.donboscoverviers.be\/index.php?rest_route=\/wp\/v2\/pages"}],"about":[{"href":"https:\/\/www.donboscoverviers.be\/index.php?rest_route=\/wp\/v2\/types\/page"}],"author":[{"embeddable":true,"href":"https:\/\/www.donboscoverviers.be\/index.php?rest_route=\/wp\/v2\/users\/1"}],"replies":[{"embeddable":true,"href":"https:\/\/www.donboscoverviers.be\/index.php?rest_route=%2Fwp%2Fv2%2Fcomments&post=11"}],"version-history":[{"count":23,"href":"https:\/\/www.donboscoverviers.be\/index.php?rest_route=\/wp\/v2\/pages\/11\/revisions"}],"predecessor-version":[{"id":417,"href":"https:\/\/www.donboscoverviers.be\/index.php?rest_route=\/wp\/v2\/pages\/11\/revisions\/417"}],"wp:attachment":[{"href":"https:\/\/www.donboscoverviers.be\/index.php?rest_route=%2Fwp%2Fv2%2Fmedia&parent=11"}],"curies":[{"name":"wp","href":"https:\/\/api.w.org\/{rel}","templated":true}]}}