{"id":238,"date":"2025-05-13T13:42:37","date_gmt":"2025-05-13T11:42:37","guid":{"rendered":"https:\/\/www.donboscoverviers.be\/?page_id=238"},"modified":"2025-05-13T14:30:21","modified_gmt":"2025-05-13T12:30:21","slug":"construction","status":"publish","type":"page","link":"https:\/\/www.donboscoverviers.be\/?page_id=238","title":{"rendered":"CONSTRUCTION"},"content":{"rendered":"\n<h2 class=\"wp-block-heading\">Les m\u00e9tiers de la construction<\/h2>\n\n\n\n<div class=\"wp-block-group is-nowrap is-layout-flex wp-container-core-group-is-layout-ad2f72ca wp-block-group-is-layout-flex\">\n<p class=\"has-text-align-left\">Technicien en construction et travaux publics \u2013  Technique de qualification<\/p>\n\n\n\n<div class=\"wp-block-group is-nowrap is-layout-flex wp-container-core-group-is-layout-ad2f72ca wp-block-group-is-layout-flex\">\n<p>Ouvrier en r\u00e9novation du batiment \u2013 7e ann\u00e9e professionnelle<\/p>\n<\/div>\n<\/div>\n\n\n\n<p>                                                                                             Ma\u00e7on &#8211; Enseignement professionnel<\/p>\n\n\n\n<div class=\"wp-block-group is-nowrap is-layout-flex wp-container-core-group-is-layout-ad2f72ca wp-block-group-is-layout-flex\">\n<figure class=\"wp-block-embed is-type-video is-provider-youtube wp-block-embed-youtube wp-embed-aspect-16-9 wp-has-aspect-ratio\"><div class=\"wp-block-embed__wrapper\">\n<iframe title=\"Technicien en construction et travaux publics\" width=\"500\" height=\"281\" src=\"https:\/\/www.youtube.com\/embed\/BNgmP6vqGEk?feature=oembed\" frameborder=\"0\" allow=\"accelerometer; autoplay; clipboard-write; encrypted-media; gyroscope; picture-in-picture; web-share\" referrerpolicy=\"strict-origin-when-cross-origin\" allowfullscreen><\/iframe>\n<\/div><\/figure>\n\n\n\n<div class=\"wp-block-group is-nowrap is-layout-flex wp-container-core-group-is-layout-ad2f72ca wp-block-group-is-layout-flex\">\n<figure class=\"wp-block-embed is-type-video is-provider-youtube wp-block-embed-youtube wp-embed-aspect-16-9 wp-has-aspect-ratio\"><div class=\"wp-block-embed__wrapper\">\n<iframe title=\"Ma\u00e7on \u2013 Enseignement professionnel\" width=\"500\" height=\"281\" src=\"https:\/\/www.youtube.com\/embed\/vSl_kEccrxo?feature=oembed\" frameborder=\"0\" allow=\"accelerometer; autoplay; clipboard-write; encrypted-media; gyroscope; picture-in-picture; web-share\" referrerpolicy=\"strict-origin-when-cross-origin\" allowfullscreen><\/iframe>\n<\/div><\/figure>\n<\/div>\n<\/div>\n\n\n\n<div class=\"wp-block-buttons is-layout-flex wp-block-buttons-is-layout-flex\">\n<div class=\"wp-block-button\"><a class=\"wp-block-button__link wp-element-button\">VOIR LES GRILLES HORAIRES<\/a><\/div>\n<\/div>\n\n\n\n<div class=\"wp-block-group is-nowrap is-layout-flex wp-container-core-group-is-layout-ad2f72ca wp-block-group-is-layout-flex\">\n<div class=\"wp-block-group is-vertical is-layout-flex wp-container-core-group-is-layout-8cf370e7 wp-block-group-is-layout-flex\">\n<div style=\"height:51px\" aria-hidden=\"true\" class=\"wp-block-spacer wp-container-content-2a5a8001\"><\/div>\n\n\n\n<p>Description<\/p>\n\n\n\n<p>Le ma\u00e7on est un professionnel du b\u00e2timent dont les t\u00e2ches consistent \u00e0 assembler, sur base de plans, des mat\u00e9riaux tels que des briques, des pierres, des blocs de b\u00e9ton au moyen de mortier, ciment\u2026 Les travaux de ma\u00e7onnerie interviennent aux diff\u00e9rentes phases de la vie d\u2019un b\u00e2timent: de la nouvelle construction \u00e0 la r\u00e9novation ou \u00e0 la transformation de b\u00e2timents d\u00e9j\u00e0 existants.<\/p>\n\n\n\n<p>En plus de la ma\u00e7onnerie, il sera aussi charg\u00e9 de monter des \u00e9chafaudages, placer des mat\u00e9riaux d\u2019isolation, r\u00e9aliser des travaux de terrassement \u2026 Il est \u00e9galement un sp\u00e9cialiste de la brique, des blocs de b\u00e9ton, des \u00e9l\u00e9ments pr\u00e9fabriqu\u00e9s\u2026 et de tout le mat\u00e9riel qu\u2019il utilise dans son m\u00e9tier.<\/p>\n\n\n\n<div style=\"height:101px\" aria-hidden=\"true\" class=\"wp-block-spacer wp-container-content-8a17e955\"><\/div>\n<\/div>\n\n\n\n<figure class=\"wp-block-image size-full is-resized\"><img fetchpriority=\"high\" decoding=\"async\" width=\"894\" height=\"596\" src=\"https:\/\/www.donboscoverviers.be\/wp-content\/uploads\/2025\/05\/macon-1.jpg\" alt=\"\" class=\"wp-image-263\" style=\"width:467px;height:auto\" srcset=\"https:\/\/www.donboscoverviers.be\/wp-content\/uploads\/2025\/05\/macon-1.jpg 894w, https:\/\/www.donboscoverviers.be\/wp-content\/uploads\/2025\/05\/macon-1-300x200.jpg 300w, https:\/\/www.donboscoverviers.be\/wp-content\/uploads\/2025\/05\/macon-1-768x512.jpg 768w\" sizes=\"(max-width: 894px) 100vw, 894px\" \/><\/figure>\n<\/div>\n\n\n\n<div class=\"wp-block-group is-nowrap is-layout-flex wp-container-core-group-is-layout-ad2f72ca wp-block-group-is-layout-flex\">\n<figure class=\"wp-block-image size-full is-resized\"><img decoding=\"async\" width=\"800\" height=\"597\" src=\"https:\/\/www.donboscoverviers.be\/wp-content\/uploads\/2025\/05\/nos-realisations4dc96203c65a9.jpg\" alt=\"\" class=\"wp-image-266\" style=\"width:386px;height:auto\" srcset=\"https:\/\/www.donboscoverviers.be\/wp-content\/uploads\/2025\/05\/nos-realisations4dc96203c65a9.jpg 800w, https:\/\/www.donboscoverviers.be\/wp-content\/uploads\/2025\/05\/nos-realisations4dc96203c65a9-300x224.jpg 300w, https:\/\/www.donboscoverviers.be\/wp-content\/uploads\/2025\/05\/nos-realisations4dc96203c65a9-768x573.jpg 768w\" sizes=\"(max-width: 800px) 100vw, 800px\" \/><\/figure>\n\n\n\n<div class=\"wp-block-group is-vertical is-layout-flex wp-container-core-group-is-layout-8cf370e7 wp-block-group-is-layout-flex\">\n<p>Le m\u00e9tier comprendra notamment les t\u00e2ches suivantes :<\/p>\n\n\n\n<p>\u2013 interpr\u00e9ter des plans<br>\u2013 r\u00e9aliser de fondations, des coffrages, du ferraillage et du b\u00e9tonnage<br>\u2013 poser de conduites et de tuyaux de drainage<br>\u2013 effectuer des travaux de ma\u00e7onnerie et placer d\u2019\u00e9l\u00e9ments pr\u00e9fabriqu\u00e9s<br>\u2013 r\u00e9aliser des travaux d\u2019\u00e9tanch\u00e9it\u00e9 et d\u2019isolation thermique<br>\u2013 jointoiement et rejointoiement<br>\u2013 proc\u00e9der \u00e0 des travaux de d\u00e9molition, de r\u00e9novation ou de d\u00e9coration<br>\u2013 poser des \u00e9chafaudages, utiliser et placer des \u00e9tan\u00e7ons (grosse pi\u00e8ce en acier ou en bois, plac\u00e9e sous un mur pour le soutenir).<\/p>\n\n\n\n<div style=\"height:59px\" aria-hidden=\"true\" class=\"wp-block-spacer wp-container-content-bffaa520\"><\/div>\n<\/div>\n<\/div>\n\n\n\n<div style=\"height:124px\" aria-hidden=\"true\" class=\"wp-block-spacer\"><\/div>\n\n\n\n<div class=\"wp-block-group is-nowrap is-layout-flex wp-container-core-group-is-layout-ad2f72ca wp-block-group-is-layout-flex\">\n<div class=\"wp-block-group is-vertical is-layout-flex wp-container-core-group-is-layout-8cf370e7 wp-block-group-is-layout-flex\">\n<p>Savoir-\u00eatre<\/p>\n\n\n\n<p>Pr\u00e9cision, minutie<br>Polyvalence<br>Bonne condition physique<br>Sens des responsabilit\u00e9s et de l&rsquo;organisation<br>R\u00e9flexion<br>Esprit de pers\u00e9v\u00e9rance<br>Ne pas \u00eatre sujet au vertige<br>Go\u00fbt pour le travail d\u2018\u00e9quipe<\/p>\n<\/div>\n\n\n\n<figure class=\"wp-block-image size-full is-resized\"><img decoding=\"async\" width=\"750\" height=\"435\" src=\"https:\/\/www.donboscoverviers.be\/wp-content\/uploads\/2025\/05\/plan-amenagement-maison.jpg\" alt=\"\" class=\"wp-image-272\" style=\"width:424px;height:auto\" srcset=\"https:\/\/www.donboscoverviers.be\/wp-content\/uploads\/2025\/05\/plan-amenagement-maison.jpg 750w, https:\/\/www.donboscoverviers.be\/wp-content\/uploads\/2025\/05\/plan-amenagement-maison-300x174.jpg 300w\" sizes=\"(max-width: 750px) 100vw, 750px\" \/><\/figure>\n<\/div>\n\n\n\n<div style=\"height:87px\" aria-hidden=\"true\" class=\"wp-block-spacer\"><\/div>\n\n\n\n<div class=\"wp-block-group is-vertical is-layout-flex wp-container-core-group-is-layout-8cf370e7 wp-block-group-is-layout-flex\">\n<p>Cadre professionnel<\/p>\n\n\n\n<p>Il existe une certaine hi\u00e9rarchie dans la constitution des \u00e9quipes de ma\u00e7onnerie bas\u00e9e sur les ann\u00e9es d\u2019exp\u00e9rience et le niveau de qualification. Par exemple, une \u00e9quipe peut \u00eatre constitu\u00e9e d\u2019un chef d\u2019\u00e9quipe, de deux ma\u00e7ons (1\u00e8re \u00e9chelon), d\u2019un ma\u00e7on (2\u00e8me \u00e9chelon) et d\u2019une main-d\u2019\u0153uvre.<\/p>\n\n\n\n<p>Dans le secteur priv\u00e9, il pourra \u00eatre engag\u00e9 comme ouvrier qualifi\u00e9 en gros-\u0153uvre. D\u2019une mani\u00e8re g\u00e9n\u00e9rale, les petites et moyennes entreprises favorisent l\u2019engagement de ma\u00e7ons polyvalents qui pourront ex\u00e9cuter une grande vari\u00e9t\u00e9 de travaux.<\/p>\n\n\n\n<p>Le ma\u00e7on peut aussi \u00eatre ind\u00e9pendant et donc chef de son entreprise de travaux. En tant qu\u2019entrepreneur en ma\u00e7onnerie, il pourra constituer sa propre client\u00e8le au fil des travaux r\u00e9alis\u00e9s.<\/p>\n\n\n\n<p>Le bouche \u00e0 oreille est un excellent moyen pour lui de se faire conna\u00eetre.<\/p>\n\n\n\n<p>Enfin, le ma\u00e7on peut aussi \u00eatre engag\u00e9 dans le secteur public, o\u00f9 il sera affect\u00e9 \u00e0 des services comme la r\u00e9gie des b\u00e2timents, les services de travaux communaux, etc.<\/p>\n<\/div>\n\n\n\n<figure class=\"wp-block-image size-large\"><img loading=\"lazy\" decoding=\"async\" width=\"1024\" height=\"664\" src=\"https:\/\/www.donboscoverviers.be\/wp-content\/uploads\/2025\/05\/Construction-1024x664.png\" alt=\"\" class=\"wp-image-277\" srcset=\"https:\/\/www.donboscoverviers.be\/wp-content\/uploads\/2025\/05\/Construction-1024x664.png 1024w, https:\/\/www.donboscoverviers.be\/wp-content\/uploads\/2025\/05\/Construction-300x195.png 300w, https:\/\/www.donboscoverviers.be\/wp-content\/uploads\/2025\/05\/Construction-768x498.png 768w, https:\/\/www.donboscoverviers.be\/wp-content\/uploads\/2025\/05\/Construction-1536x996.png 1536w, https:\/\/www.donboscoverviers.be\/wp-content\/uploads\/2025\/05\/Construction-2048x1328.png 2048w\" sizes=\"(max-width: 1024px) 100vw, 1024px\" \/><\/figure>\n\n\n\n<p>Grilles horaires<\/p>\n\n\n\n<details class=\"wp-block-details is-layout-flow wp-block-details-is-layout-flow\"><summary>3 TECHNIQUE DE QUALIFICATION &#8211; CONSTRUCTION (3TQC)<\/summary>\n<p><\/p>\n\n\n\n<figure class=\"wp-block-image size-full\"><img loading=\"lazy\" decoding=\"async\" width=\"776\" height=\"599\" src=\"https:\/\/www.donboscoverviers.be\/wp-content\/uploads\/2025\/05\/3TQC-1.png\" alt=\"\" class=\"wp-image-285\" srcset=\"https:\/\/www.donboscoverviers.be\/wp-content\/uploads\/2025\/05\/3TQC-1.png 776w, https:\/\/www.donboscoverviers.be\/wp-content\/uploads\/2025\/05\/3TQC-1-300x232.png 300w, https:\/\/www.donboscoverviers.be\/wp-content\/uploads\/2025\/05\/3TQC-1-768x593.png 768w\" sizes=\"(max-width: 776px) 100vw, 776px\" \/><\/figure>\n<\/details>\n\n\n\n<details class=\"wp-block-details is-layout-flow wp-block-details-is-layout-flow\"><summary>4-5-6 TECHNICIEN DE QUALIFICATION &#8211; CONSTRUCTION ET TRAVAUX PUBLICS (TQTP)<\/summary>\n<p><\/p>\n\n\n\n<figure class=\"wp-block-image size-full\"><img loading=\"lazy\" decoding=\"async\" width=\"776\" height=\"579\" src=\"https:\/\/www.donboscoverviers.be\/wp-content\/uploads\/2025\/05\/5TQTP.png\" alt=\"\" class=\"wp-image-287\" srcset=\"https:\/\/www.donboscoverviers.be\/wp-content\/uploads\/2025\/05\/5TQTP.png 776w, https:\/\/www.donboscoverviers.be\/wp-content\/uploads\/2025\/05\/5TQTP-300x224.png 300w, https:\/\/www.donboscoverviers.be\/wp-content\/uploads\/2025\/05\/5TQTP-768x573.png 768w\" sizes=\"(max-width: 776px) 100vw, 776px\" \/><\/figure>\n<\/details>\n\n\n\n<details class=\"wp-block-details is-layout-flow wp-block-details-is-layout-flow\"><summary>3 PROFESSIONELLE DE QUALIFICATION &#8211; CONSTRUCTION &#8211; GROS OEUVRE (3PQC)<\/summary>\n<p><\/p>\n\n\n\n<figure class=\"wp-block-image size-full\"><img loading=\"lazy\" decoding=\"async\" width=\"776\" height=\"599\" src=\"https:\/\/www.donboscoverviers.be\/wp-content\/uploads\/2025\/05\/3PQC.png\" alt=\"\" class=\"wp-image-288\" srcset=\"https:\/\/www.donboscoverviers.be\/wp-content\/uploads\/2025\/05\/3PQC.png 776w, https:\/\/www.donboscoverviers.be\/wp-content\/uploads\/2025\/05\/3PQC-300x232.png 300w, https:\/\/www.donboscoverviers.be\/wp-content\/uploads\/2025\/05\/3PQC-768x593.png 768w\" sizes=\"(max-width: 776px) 100vw, 776px\" \/><\/figure>\n<\/details>\n\n\n\n<details class=\"wp-block-details is-layout-flow wp-block-details-is-layout-flow\"><summary>4-5-6 PROFESSIONELLE DE QUALIFICATION &#8211; MACON (PQC)<\/summary>\n<p><\/p>\n\n\n\n<figure class=\"wp-block-image size-full\"><img loading=\"lazy\" decoding=\"async\" width=\"776\" height=\"598\" src=\"https:\/\/www.donboscoverviers.be\/wp-content\/uploads\/2025\/05\/456PQC.png\" alt=\"\" class=\"wp-image-293\" srcset=\"https:\/\/www.donboscoverviers.be\/wp-content\/uploads\/2025\/05\/456PQC.png 776w, https:\/\/www.donboscoverviers.be\/wp-content\/uploads\/2025\/05\/456PQC-300x231.png 300w, https:\/\/www.donboscoverviers.be\/wp-content\/uploads\/2025\/05\/456PQC-768x592.png 768w\" sizes=\"(max-width: 776px) 100vw, 776px\" \/><\/figure>\n<\/details>\n\n\n\n<details class=\"wp-block-details is-layout-flow wp-block-details-is-layout-flow\"><summary>7 PROFESSIONNELLE DE QUALIFICATION &#8211; OUVRIER EN RENOVATION ET CONSERVATION DU BATIMENT (7QRB)<\/summary>\n<p><\/p>\n\n\n\n<figure class=\"wp-block-image size-full\"><img loading=\"lazy\" decoding=\"async\" width=\"776\" height=\"543\" src=\"https:\/\/www.donboscoverviers.be\/wp-content\/uploads\/2025\/05\/7PQRB.png\" alt=\"\" class=\"wp-image-296\" srcset=\"https:\/\/www.donboscoverviers.be\/wp-content\/uploads\/2025\/05\/7PQRB.png 776w, https:\/\/www.donboscoverviers.be\/wp-content\/uploads\/2025\/05\/7PQRB-300x210.png 300w, https:\/\/www.donboscoverviers.be\/wp-content\/uploads\/2025\/05\/7PQRB-768x537.png 768w\" sizes=\"(max-width: 776px) 100vw, 776px\" \/><\/figure>\n<\/details>\n\n\n\n<div style=\"height:100px\" aria-hidden=\"true\" class=\"wp-block-spacer\"><\/div>\n","protected":false},"excerpt":{"rendered":"<p>Les m\u00e9tiers de la construction Technicien en construction et travaux publics \u2013 Technique de qualification Ouvrier en r\u00e9novation du batiment \u2013 7e ann\u00e9e professionnelle Ma\u00e7on &#8211; Enseignement professionnel Description Le ma\u00e7on est un professionnel du b\u00e2timent dont les t\u00e2ches consistent \u00e0 assembler, sur base de plans, des mat\u00e9riaux tels que des briques, des pierres, des blocs de b\u00e9ton au moyen de mortier, ciment\u2026 Les travaux de ma\u00e7onnerie interviennent aux diff\u00e9rentes phases de la vie d\u2019un b\u00e2timent: de la nouvelle construction \u00e0 la r\u00e9novation ou \u00e0 la transformation de b\u00e2timents d\u00e9j\u00e0 existants. En plus de la ma\u00e7onnerie, il sera aussi charg\u00e9&#8230; <\/p>\n","protected":false},"author":1,"featured_media":0,"parent":0,"menu_order":0,"comment_status":"closed","ping_status":"closed","template":"","meta":{"footnotes":""},"class_list":["post-238","page","type-page","status-publish","hentry"],"mb":[],"yoast_head":"<!-- This site is optimized with the Yoast SEO plugin v25.7 - https:\/\/yoast.com\/wordpress\/plugins\/seo\/ -->\n<title>CONSTRUCTION - Institut Don Bosco Verviers<\/title>\n<meta name=\"robots\" content=\"index, follow, max-snippet:-1, max-image-preview:large, max-video-preview:-1\" \/>\n<link rel=\"canonical\" href=\"https:\/\/www.donboscoverviers.be\/?page_id=238\" \/>\n<meta property=\"og:locale\" content=\"fr_FR\" \/>\n<meta property=\"og:type\" content=\"article\" \/>\n<meta property=\"og:title\" content=\"CONSTRUCTION - Institut Don Bosco Verviers\" \/>\n<meta property=\"og:description\" content=\"Les m\u00e9tiers de la construction Technicien en construction et travaux publics \u2013 Technique de qualification Ouvrier en r\u00e9novation du batiment \u2013 7e ann\u00e9e professionnelle Ma\u00e7on &#8211; Enseignement professionnel Description Le ma\u00e7on est un professionnel du b\u00e2timent dont les t\u00e2ches consistent \u00e0 assembler, sur base de plans, des mat\u00e9riaux tels que des briques, des pierres, des blocs de b\u00e9ton au moyen de mortier, ciment\u2026 Les travaux de ma\u00e7onnerie interviennent aux diff\u00e9rentes phases de la vie d\u2019un b\u00e2timent: de la nouvelle construction \u00e0 la r\u00e9novation ou \u00e0 la transformation de b\u00e2timents d\u00e9j\u00e0 existants. En plus de la ma\u00e7onnerie, il sera aussi charg\u00e9...\" \/>\n<meta property=\"og:url\" content=\"https:\/\/www.donboscoverviers.be\/?page_id=238\" \/>\n<meta property=\"og:site_name\" content=\"Institut Don Bosco Verviers\" \/>\n<meta property=\"article:publisher\" content=\"https:\/\/www.facebook.com\/donboscoverviers\/\" \/>\n<meta property=\"article:modified_time\" content=\"2025-05-13T12:30:21+00:00\" \/>\n<meta property=\"og:image\" content=\"https:\/\/www.donboscoverviers.be\/wp-content\/uploads\/2025\/05\/macon-1.jpg\" \/>\n\t<meta property=\"og:image:width\" content=\"894\" \/>\n\t<meta property=\"og:image:height\" content=\"596\" \/>\n\t<meta property=\"og:image:type\" content=\"image\/jpeg\" \/>\n<meta name=\"twitter:card\" content=\"summary_large_image\" \/>\n<meta name=\"twitter:label1\" content=\"Dur\u00e9e de lecture est.\" \/>\n\t<meta name=\"twitter:data1\" content=\"3 minutes\" \/>\n<script type=\"application\/ld+json\" class=\"yoast-schema-graph\">{\"@context\":\"https:\/\/schema.org\",\"@graph\":[{\"@type\":\"WebPage\",\"@id\":\"https:\/\/www.donboscoverviers.be\/?page_id=238\",\"url\":\"https:\/\/www.donboscoverviers.be\/?page_id=238\",\"name\":\"CONSTRUCTION - Institut Don Bosco Verviers\",\"isPartOf\":{\"@id\":\"https:\/\/www.donboscoverviers.be\/#website\"},\"primaryImageOfPage\":{\"@id\":\"https:\/\/www.donboscoverviers.be\/?page_id=238#primaryimage\"},\"image\":{\"@id\":\"https:\/\/www.donboscoverviers.be\/?page_id=238#primaryimage\"},\"thumbnailUrl\":\"https:\/\/www.donboscoverviers.be\/wp-content\/uploads\/2025\/05\/macon-1.jpg\",\"datePublished\":\"2025-05-13T11:42:37+00:00\",\"dateModified\":\"2025-05-13T12:30:21+00:00\",\"breadcrumb\":{\"@id\":\"https:\/\/www.donboscoverviers.be\/?page_id=238#breadcrumb\"},\"inLanguage\":\"fr-BE\",\"potentialAction\":[{\"@type\":\"ReadAction\",\"target\":[\"https:\/\/www.donboscoverviers.be\/?page_id=238\"]}]},{\"@type\":\"ImageObject\",\"inLanguage\":\"fr-BE\",\"@id\":\"https:\/\/www.donboscoverviers.be\/?page_id=238#primaryimage\",\"url\":\"https:\/\/www.donboscoverviers.be\/wp-content\/uploads\/2025\/05\/macon-1.jpg\",\"contentUrl\":\"https:\/\/www.donboscoverviers.be\/wp-content\/uploads\/2025\/05\/macon-1.jpg\",\"width\":894,\"height\":596},{\"@type\":\"BreadcrumbList\",\"@id\":\"https:\/\/www.donboscoverviers.be\/?page_id=238#breadcrumb\",\"itemListElement\":[{\"@type\":\"ListItem\",\"position\":1,\"name\":\"Accueil\",\"item\":\"https:\/\/www.donboscoverviers.be\/\"},{\"@type\":\"ListItem\",\"position\":2,\"name\":\"CONSTRUCTION\"}]},{\"@type\":\"WebSite\",\"@id\":\"https:\/\/www.donboscoverviers.be\/#website\",\"url\":\"https:\/\/www.donboscoverviers.be\/\",\"name\":\"Institut Don Bosco Verviers\",\"description\":\"\",\"publisher\":{\"@id\":\"https:\/\/www.donboscoverviers.be\/#organization\"},\"potentialAction\":[{\"@type\":\"SearchAction\",\"target\":{\"@type\":\"EntryPoint\",\"urlTemplate\":\"https:\/\/www.donboscoverviers.be\/?s={search_term_string}\"},\"query-input\":{\"@type\":\"PropertyValueSpecification\",\"valueRequired\":true,\"valueName\":\"search_term_string\"}}],\"inLanguage\":\"fr-BE\"},{\"@type\":\"Organization\",\"@id\":\"https:\/\/www.donboscoverviers.be\/#organization\",\"name\":\"Institut Don Bosco Verviers\",\"url\":\"https:\/\/www.donboscoverviers.be\/\",\"logo\":{\"@type\":\"ImageObject\",\"inLanguage\":\"fr-BE\",\"@id\":\"https:\/\/www.donboscoverviers.be\/#\/schema\/logo\/image\/\",\"url\":\"https:\/\/www.donboscoverviers.be\/wp-content\/uploads\/2025\/05\/images.png\",\"contentUrl\":\"https:\/\/www.donboscoverviers.be\/wp-content\/uploads\/2025\/05\/images.png\",\"width\":218,\"height\":168,\"caption\":\"Institut Don Bosco Verviers\"},\"image\":{\"@id\":\"https:\/\/www.donboscoverviers.be\/#\/schema\/logo\/image\/\"},\"sameAs\":[\"https:\/\/www.facebook.com\/donboscoverviers\/\",\"https:\/\/www.instagram.com\/donboscoverviers\/\",\"https:\/\/www.youtube.com\/channel\/UCCj_SB_Psb_AzTCYJaMPZrg\"]}]}<\/script>\n<!-- \/ Yoast SEO plugin. -->","yoast_head_json":{"title":"CONSTRUCTION - Institut Don Bosco Verviers","robots":{"index":"index","follow":"follow","max-snippet":"max-snippet:-1","max-image-preview":"max-image-preview:large","max-video-preview":"max-video-preview:-1"},"canonical":"https:\/\/www.donboscoverviers.be\/?page_id=238","og_locale":"fr_FR","og_type":"article","og_title":"CONSTRUCTION - Institut Don Bosco Verviers","og_description":"Les m\u00e9tiers de la construction Technicien en construction et travaux publics \u2013 Technique de qualification Ouvrier en r\u00e9novation du batiment \u2013 7e ann\u00e9e professionnelle Ma\u00e7on &#8211; Enseignement professionnel Description Le ma\u00e7on est un professionnel du b\u00e2timent dont les t\u00e2ches consistent \u00e0 assembler, sur base de plans, des mat\u00e9riaux tels que des briques, des pierres, des blocs de b\u00e9ton au moyen de mortier, ciment\u2026 Les travaux de ma\u00e7onnerie interviennent aux diff\u00e9rentes phases de la vie d\u2019un b\u00e2timent: de la nouvelle construction \u00e0 la r\u00e9novation ou \u00e0 la transformation de b\u00e2timents d\u00e9j\u00e0 existants. En plus de la ma\u00e7onnerie, il sera aussi charg\u00e9...","og_url":"https:\/\/www.donboscoverviers.be\/?page_id=238","og_site_name":"Institut Don Bosco Verviers","article_publisher":"https:\/\/www.facebook.com\/donboscoverviers\/","article_modified_time":"2025-05-13T12:30:21+00:00","og_image":[{"width":894,"height":596,"url":"https:\/\/www.donboscoverviers.be\/wp-content\/uploads\/2025\/05\/macon-1.jpg","type":"image\/jpeg"}],"twitter_card":"summary_large_image","twitter_misc":{"Dur\u00e9e de lecture est.":"3 minutes"},"schema":{"@context":"https:\/\/schema.org","@graph":[{"@type":"WebPage","@id":"https:\/\/www.donboscoverviers.be\/?page_id=238","url":"https:\/\/www.donboscoverviers.be\/?page_id=238","name":"CONSTRUCTION - Institut Don Bosco Verviers","isPartOf":{"@id":"https:\/\/www.donboscoverviers.be\/#website"},"primaryImageOfPage":{"@id":"https:\/\/www.donboscoverviers.be\/?page_id=238#primaryimage"},"image":{"@id":"https:\/\/www.donboscoverviers.be\/?page_id=238#primaryimage"},"thumbnailUrl":"https:\/\/www.donboscoverviers.be\/wp-content\/uploads\/2025\/05\/macon-1.jpg","datePublished":"2025-05-13T11:42:37+00:00","dateModified":"2025-05-13T12:30:21+00:00","breadcrumb":{"@id":"https:\/\/www.donboscoverviers.be\/?page_id=238#breadcrumb"},"inLanguage":"fr-BE","potentialAction":[{"@type":"ReadAction","target":["https:\/\/www.donboscoverviers.be\/?page_id=238"]}]},{"@type":"ImageObject","inLanguage":"fr-BE","@id":"https:\/\/www.donboscoverviers.be\/?page_id=238#primaryimage","url":"https:\/\/www.donboscoverviers.be\/wp-content\/uploads\/2025\/05\/macon-1.jpg","contentUrl":"https:\/\/www.donboscoverviers.be\/wp-content\/uploads\/2025\/05\/macon-1.jpg","width":894,"height":596},{"@type":"BreadcrumbList","@id":"https:\/\/www.donboscoverviers.be\/?page_id=238#breadcrumb","itemListElement":[{"@type":"ListItem","position":1,"name":"Accueil","item":"https:\/\/www.donboscoverviers.be\/"},{"@type":"ListItem","position":2,"name":"CONSTRUCTION"}]},{"@type":"WebSite","@id":"https:\/\/www.donboscoverviers.be\/#website","url":"https:\/\/www.donboscoverviers.be\/","name":"Institut Don Bosco Verviers","description":"","publisher":{"@id":"https:\/\/www.donboscoverviers.be\/#organization"},"potentialAction":[{"@type":"SearchAction","target":{"@type":"EntryPoint","urlTemplate":"https:\/\/www.donboscoverviers.be\/?s={search_term_string}"},"query-input":{"@type":"PropertyValueSpecification","valueRequired":true,"valueName":"search_term_string"}}],"inLanguage":"fr-BE"},{"@type":"Organization","@id":"https:\/\/www.donboscoverviers.be\/#organization","name":"Institut Don Bosco Verviers","url":"https:\/\/www.donboscoverviers.be\/","logo":{"@type":"ImageObject","inLanguage":"fr-BE","@id":"https:\/\/www.donboscoverviers.be\/#\/schema\/logo\/image\/","url":"https:\/\/www.donboscoverviers.be\/wp-content\/uploads\/2025\/05\/images.png","contentUrl":"https:\/\/www.donboscoverviers.be\/wp-content\/uploads\/2025\/05\/images.png","width":218,"height":168,"caption":"Institut Don Bosco Verviers"},"image":{"@id":"https:\/\/www.donboscoverviers.be\/#\/schema\/logo\/image\/"},"sameAs":["https:\/\/www.facebook.com\/donboscoverviers\/","https:\/\/www.instagram.com\/donboscoverviers\/","https:\/\/www.youtube.com\/channel\/UCCj_SB_Psb_AzTCYJaMPZrg"]}]}},"mfb_rest_fields":["title","yoast_head","yoast_head_json","gutenberg_elementor_mode"],"_links":{"self":[{"href":"https:\/\/www.donboscoverviers.be\/index.php?rest_route=\/wp\/v2\/pages\/238","targetHints":{"allow":["GET"]}}],"collection":[{"href":"https:\/\/www.donboscoverviers.be\/index.php?rest_route=\/wp\/v2\/pages"}],"about":[{"href":"https:\/\/www.donboscoverviers.be\/index.php?rest_route=\/wp\/v2\/types\/page"}],"author":[{"embeddable":true,"href":"https:\/\/www.donboscoverviers.be\/index.php?rest_route=\/wp\/v2\/users\/1"}],"replies":[{"embeddable":true,"href":"https:\/\/www.donboscoverviers.be\/index.php?rest_route=%2Fwp%2Fv2%2Fcomments&post=238"}],"version-history":[{"count":18,"href":"https:\/\/www.donboscoverviers.be\/index.php?rest_route=\/wp\/v2\/pages\/238\/revisions"}],"predecessor-version":[{"id":437,"href":"https:\/\/www.donboscoverviers.be\/index.php?rest_route=\/wp\/v2\/pages\/238\/revisions\/437"}],"wp:attachment":[{"href":"https:\/\/www.donboscoverviers.be\/index.php?rest_route=%2Fwp%2Fv2%2Fmedia&parent=238"}],"curies":[{"name":"wp","href":"https:\/\/api.w.org\/{rel}","templated":true}]}}